{"id":712,"date":"2017-03-01T13:37:28","date_gmt":"2017-03-01T13:37:28","guid":{"rendered":"https:\/\/teadusjategu.ee\/?page_id=712"},"modified":"2017-03-10T10:29:48","modified_gmt":"2017-03-10T10:29:48","slug":"about-us","status":"publish","type":"page","link":"https:\/\/teadusjategu.ee\/index.php\/en\/about-us\/","title":{"rendered":"About Us"},"content":{"rendered":"<div id=\"pl-712\"  class=\"panel-layout\" ><div id=\"pg-712-0\"  class=\"panel-grid panel-has-style\" ><div class=\"siteorigin-panels-stretch panel-row-style panel-row-style-for-712-0\" data-stretch-type=\"full\" ><div id=\"pgc-712-0-0\"  class=\"panel-grid-cell\" ><div id=\"panel-712-0-0-0\" class=\"so-panel widget widget_black-studio-tinymce widget_black_studio_tinymce panel-first-child panel-last-child\" data-index=\"0\" ><div class=\"textwidget\"><\/div><\/div><\/div><div id=\"pgc-712-0-1\"  class=\"panel-grid-cell\" ><div id=\"panel-712-0-1-0\" class=\"so-panel widget widget_black-studio-tinymce widget_black_studio_tinymce panel-first-child panel-last-child\" data-index=\"1\" ><div class=\"textwidget\"><p><span class=\"\" style=\"display:block;clear:both;height: 0px;padding-top: 20px;border-top-width:0px;border-bottom-width:0px;\"><\/span><\/p>\n<p>Teadus ja Tegu O\u00dc loodi 17. juunil 2016 aastal. Tegutseme\u00a0eelk\u00f5ige toiduvaldkonnas innovaatiliste ja teadusmahukate toodete valmistamisega ja vastava tegevuse \u00fcldise edendamisega. \u00dcheks p\u00f5hisuunaks on lehma ternespiima v\u00e4\u00e4rindamine s\u00f6\u00f6da- ja toidulisanditeks, kosmeetika- ja farmaatsiatoodeteks. Teiseks p\u00f5hisuunaks on innovatsiooni ja teadustegevuse juurutamine. Teadus ja Tegu O\u00dc\u00a0asutajaliikmed on pikaajalise toiduvaldkonna tegutsemise kogemusega\u00a0tehnoloogiainsenerid ja doktorikraadiga teadlased:<\/p>\n<p style=\"text-align: center;\"><strong>V\u00e4ino Poikalainen<\/strong> (piimatehnoloog, toiduteaduse doktor, DSc, <span style=\"color: #3366ff;\"><a style=\"color: #3366ff;\" href=\"https:\/\/www.etis.ee\/Portal\/Persons\/Display\/d6d23c1a-43c1-479d-a0c8-068571d81c36\">https:\/\/www.etis.ee\/Portal\/Persons\/Display\/d6d23c1a-43c1-479d-a0c8-068571d81c36<\/a><\/span> )<\/p>\n<p><img loading=\"lazy\" decoding=\"async\" class=\"size-medium wp-image-667 aligncenter\" src=\"https:\/\/teadusjategu.ee\/wp-content\/uploads\/2017\/02\/V\u00e4ino-Poikalainen-300x225.jpg\" alt=\"\" width=\"300\" height=\"225\" srcset=\"https:\/\/teadusjategu.ee\/wp-content\/uploads\/2017\/02\/V\u00e4ino-Poikalainen-300x225.jpg 300w, https:\/\/teadusjategu.ee\/wp-content\/uploads\/2017\/02\/V\u00e4ino-Poikalainen-768x576.jpg 768w, https:\/\/teadusjategu.ee\/wp-content\/uploads\/2017\/02\/V\u00e4ino-Poikalainen-1024x768.jpg 1024w\" sizes=\"auto, (max-width: 300px) 100vw, 300px\" \/><\/p>\n<p>\u00a0<\/p>\n<p style=\"text-align: center;\"><strong>Lembit Lepasalu<\/strong> (lihatehnoloog, PhD tehnika, <span style=\"color: #3366ff;\"><a style=\"color: #3366ff;\" href=\"https:\/\/www.etis.ee\/Portal\/Persons\/Display\/376e2c26-deb2-446f-a9ff-e615ea87cd64\">https:\/\/www.etis.ee\/Portal\/Persons\/Display\/376e2c26-deb2-446f-a9ff-e615ea87cd64<\/a><\/span> )<\/p>\n<p><img loading=\"lazy\" decoding=\"async\" class=\"size-medium wp-image-666 aligncenter\" src=\"https:\/\/teadusjategu.ee\/wp-content\/uploads\/2017\/02\/Lembit-Lepasalu-300x225.jpg\" alt=\"\" width=\"300\" height=\"225\" srcset=\"https:\/\/teadusjategu.ee\/wp-content\/uploads\/2017\/02\/Lembit-Lepasalu-300x225.jpg 300w, https:\/\/teadusjategu.ee\/wp-content\/uploads\/2017\/02\/Lembit-Lepasalu-768x576.jpg 768w, https:\/\/teadusjategu.ee\/wp-content\/uploads\/2017\/02\/Lembit-Lepasalu-1024x768.jpg 1024w\" sizes=\"auto, (max-width: 300px) 100vw, 300px\" \/><\/p>\n<p>\u00a0<\/p>\n<p style=\"text-align: center;\"><strong>Aarne P\u00f5ldvere<\/strong> (lihatehnoloog, PhD p\u00f5llumajandus, <span style=\"color: #3366ff;\"><a style=\"color: #3366ff;\" href=\"https:\/\/www.etis.ee\/Portal\/Persons\/Display\/48598d37-e739-4d09-a58c-4d2aaf79a2cf\">https:\/\/www.etis.ee\/Portal\/Persons\/Display\/48598d37-e739-4d09-a58c-4d2aaf79a2cf<\/a><\/span> )<\/p>\n<p style=\"text-align: center;\"><img loading=\"lazy\" decoding=\"async\" class=\"alignnone  wp-image-750\" src=\"https:\/\/teadusjategu.ee\/wp-content\/uploads\/2017\/03\/jaan-2017-236-a-864x1024.jpg\" alt=\"\" width=\"292\" height=\"346\" srcset=\"https:\/\/teadusjategu.ee\/wp-content\/uploads\/2017\/03\/jaan-2017-236-a-864x1024.jpg 864w, https:\/\/teadusjategu.ee\/wp-content\/uploads\/2017\/03\/jaan-2017-236-a-253x300.jpg 253w, https:\/\/teadusjategu.ee\/wp-content\/uploads\/2017\/03\/jaan-2017-236-a-768x910.jpg 768w, https:\/\/teadusjategu.ee\/wp-content\/uploads\/2017\/03\/jaan-2017-236-a.jpg 1211w\" sizes=\"auto, (max-width: 292px) 100vw, 292px\" \/><\/p>\n<p><span class=\"\" style=\"display:block;clear:both;height: 0px;padding-top: 20px;border-top-width:0px;border-bottom-width:0px;\"><\/span><\/p>\n<\/div><\/div><\/div><div id=\"pgc-712-0-2\"  class=\"panel-grid-cell\" ><div id=\"panel-712-0-2-0\" class=\"so-panel widget widget_black-studio-tinymce widget_black_studio_tinymce panel-first-child panel-last-child\" data-index=\"2\" ><div class=\"textwidget\"><\/div><\/div><\/div><\/div><\/div><\/div>","protected":false},"excerpt":{"rendered":"<p>Teadus ja Tegu O\u00dc loodi 17. juunil 2016 aastal. Tegutseme\u00a0eelk\u00f5ige toiduvaldkonnas innovaatiliste ja teadusmahukate toodete valmistamisega ja vastava tegevuse \u00fcldise edendamisega. \u00dcheks p\u00f5hisuunaks on lehma ternespiima v\u00e4\u00e4rindamine s\u00f6\u00f6da- ja toidulisanditeks, kosmeetika- ja farmaatsiatoodeteks. Teiseks p\u00f5hisuunaks on innovatsiooni ja teadustegevuse juurutamine. Teadus ja Tegu O\u00dc\u00a0asutajaliikmed on pikaajalise toiduvaldkonna tegutsemise kogemusega\u00a0tehnoloogiainsenerid ja doktorikraadiga teadlased:V\u00e4ino Poikalainen (piimatehnoloog, toiduteaduse doktor, DSc, https:\/\/www.etis.ee\/Portal\/Persons\/Display\/d6d23c1a-43c1-479d-a0c8-068571d81c36 )\u00a0Lembit Lepasalu (lihatehnoloog, PhD tehnika, https:\/\/www.etis.ee\/Portal\/Persons\/Display\/376e2c26-deb2-446f-a9ff-e615ea87cd64 )\u00a0Aarne P\u00f5ldvere (lihatehnoloog, PhD p\u00f5llumajandus, https:\/\/www.etis.ee\/Portal\/Persons\/Display\/48598d37-e739-4d09-a58c-4d2aaf79a2cf )<\/p>\n","protected":false},"author":1,"featured_media":0,"parent":0,"menu_order":0,"comment_status":"closed","ping_status":"closed","template":"","meta":{"footnotes":""},"class_list":["post-712","page","type-page","status-publish","hentry"],"yoast_head":"<!-- This site is optimized with the Yoast SEO plugin v21.2 - https:\/\/yoast.com\/wordpress\/plugins\/seo\/ -->\n<title>About Us - Teadus ja Tegu<\/title>\n<meta name=\"robots\" content=\"index, follow, max-snippet:-1, max-image-preview:large, max-video-preview:-1\" \/>\n<link rel=\"canonical\" href=\"https:\/\/teadusjategu.ee\/index.php\/en\/about-us\/\" \/>\n<meta property=\"og:locale\" content=\"et_EE\" \/>\n<meta property=\"og:type\" content=\"article\" \/>\n<meta property=\"og:title\" content=\"About Us - Teadus ja Tegu\" \/>\n<meta property=\"og:description\" content=\"Teadus ja Tegu O\u00dc loodi 17. juunil 2016 aastal. Tegutseme\u00a0eelk\u00f5ige toiduvaldkonnas innovaatiliste ja teadusmahukate toodete valmistamisega ja vastava tegevuse \u00fcldise edendamisega. \u00dcheks p\u00f5hisuunaks on lehma ternespiima v\u00e4\u00e4rindamine s\u00f6\u00f6da- ja toidulisanditeks, kosmeetika- ja farmaatsiatoodeteks. Teiseks p\u00f5hisuunaks on innovatsiooni ja teadustegevuse juurutamine. Teadus ja Tegu O\u00dc\u00a0asutajaliikmed on pikaajalise toiduvaldkonna tegutsemise kogemusega\u00a0tehnoloogiainsenerid ja doktorikraadiga teadlased:V\u00e4ino Poikalainen (piimatehnoloog, toiduteaduse doktor, DSc, https:\/\/www.etis.ee\/Portal\/Persons\/Display\/d6d23c1a-43c1-479d-a0c8-068571d81c36 )\u00a0Lembit Lepasalu (lihatehnoloog, PhD tehnika, https:\/\/www.etis.ee\/Portal\/Persons\/Display\/376e2c26-deb2-446f-a9ff-e615ea87cd64 )\u00a0Aarne P\u00f5ldvere (lihatehnoloog, PhD p\u00f5llumajandus, https:\/\/www.etis.ee\/Portal\/Persons\/Display\/48598d37-e739-4d09-a58c-4d2aaf79a2cf )\" \/>\n<meta property=\"og:url\" content=\"https:\/\/teadusjategu.ee\/index.php\/en\/about-us\/\" \/>\n<meta property=\"og:site_name\" content=\"Teadus ja Tegu\" \/>\n<meta property=\"article:modified_time\" content=\"2017-03-10T10:29:48+00:00\" \/>\n<meta property=\"og:image\" content=\"https:\/\/teadusjategu.ee\/wp-content\/uploads\/2017\/02\/Lembit-Lepasalu-300x225.jpg\" \/>\n<meta name=\"twitter:card\" content=\"summary_large_image\" \/>\n<meta name=\"twitter:label1\" content=\"Est. reading time\" \/>\n\t<meta name=\"twitter:data1\" content=\"1 minut\" \/>\n<script type=\"application\/ld+json\" class=\"yoast-schema-graph\">{\"@context\":\"https:\/\/schema.org\",\"@graph\":[{\"@type\":\"WebPage\",\"@id\":\"https:\/\/teadusjategu.ee\/index.php\/en\/about-us\/\",\"url\":\"https:\/\/teadusjategu.ee\/index.php\/en\/about-us\/\",\"name\":\"About Us - Teadus ja Tegu\",\"isPartOf\":{\"@id\":\"https:\/\/teadusjategu.ee\/#website\"},\"datePublished\":\"2017-03-01T13:37:28+00:00\",\"dateModified\":\"2017-03-10T10:29:48+00:00\",\"breadcrumb\":{\"@id\":\"https:\/\/teadusjategu.ee\/index.php\/en\/about-us\/#breadcrumb\"},\"inLanguage\":\"et\",\"potentialAction\":[{\"@type\":\"ReadAction\",\"target\":[\"https:\/\/teadusjategu.ee\/index.php\/en\/about-us\/\"]}]},{\"@type\":\"BreadcrumbList\",\"@id\":\"https:\/\/teadusjategu.ee\/index.php\/en\/about-us\/#breadcrumb\",\"itemListElement\":[{\"@type\":\"ListItem\",\"position\":1,\"name\":\"Home\",\"item\":\"https:\/\/teadusjategu.ee\/index.php\/et\/esileht\/\"},{\"@type\":\"ListItem\",\"position\":2,\"name\":\"About Us\"}]},{\"@type\":\"WebSite\",\"@id\":\"https:\/\/teadusjategu.ee\/#website\",\"url\":\"https:\/\/teadusjategu.ee\/\",\"name\":\"Teadus ja Tegu\",\"description\":\"Teadus ja Tegu O\u00dc veebileht\",\"publisher\":{\"@id\":\"https:\/\/teadusjategu.ee\/#organization\"},\"potentialAction\":[{\"@type\":\"SearchAction\",\"target\":{\"@type\":\"EntryPoint\",\"urlTemplate\":\"https:\/\/teadusjategu.ee\/?s={search_term_string}\"},\"query-input\":\"required name=search_term_string\"}],\"inLanguage\":\"et\"},{\"@type\":\"Organization\",\"@id\":\"https:\/\/teadusjategu.ee\/#organization\",\"name\":\"Teadus ja Tegu\",\"url\":\"https:\/\/teadusjategu.ee\/\",\"logo\":{\"@type\":\"ImageObject\",\"inLanguage\":\"et\",\"@id\":\"https:\/\/teadusjategu.ee\/#\/schema\/logo\/image\/\",\"url\":\"https:\/\/teadusjategu.ee\/wp-content\/uploads\/2017\/01\/cropped-TT4.png\",\"contentUrl\":\"https:\/\/teadusjategu.ee\/wp-content\/uploads\/2017\/01\/cropped-TT4.png\",\"width\":300,\"height\":60,\"caption\":\"Teadus ja Tegu\"},\"image\":{\"@id\":\"https:\/\/teadusjategu.ee\/#\/schema\/logo\/image\/\"}}]}<\/script>\n<!-- \/ Yoast SEO plugin. -->","yoast_head_json":{"title":"About Us - Teadus ja Tegu","robots":{"index":"index","follow":"follow","max-snippet":"max-snippet:-1","max-image-preview":"max-image-preview:large","max-video-preview":"max-video-preview:-1"},"canonical":"https:\/\/teadusjategu.ee\/index.php\/en\/about-us\/","og_locale":"et_EE","og_type":"article","og_title":"About Us - Teadus ja Tegu","og_description":"Teadus ja Tegu O\u00dc loodi 17. juunil 2016 aastal. Tegutseme\u00a0eelk\u00f5ige toiduvaldkonnas innovaatiliste ja teadusmahukate toodete valmistamisega ja vastava tegevuse \u00fcldise edendamisega. \u00dcheks p\u00f5hisuunaks on lehma ternespiima v\u00e4\u00e4rindamine s\u00f6\u00f6da- ja toidulisanditeks, kosmeetika- ja farmaatsiatoodeteks. Teiseks p\u00f5hisuunaks on innovatsiooni ja teadustegevuse juurutamine. Teadus ja Tegu O\u00dc\u00a0asutajaliikmed on pikaajalise toiduvaldkonna tegutsemise kogemusega\u00a0tehnoloogiainsenerid ja doktorikraadiga teadlased:V\u00e4ino Poikalainen (piimatehnoloog, toiduteaduse doktor, DSc, https:\/\/www.etis.ee\/Portal\/Persons\/Display\/d6d23c1a-43c1-479d-a0c8-068571d81c36 )\u00a0Lembit Lepasalu (lihatehnoloog, PhD tehnika, https:\/\/www.etis.ee\/Portal\/Persons\/Display\/376e2c26-deb2-446f-a9ff-e615ea87cd64 )\u00a0Aarne P\u00f5ldvere (lihatehnoloog, PhD p\u00f5llumajandus, https:\/\/www.etis.ee\/Portal\/Persons\/Display\/48598d37-e739-4d09-a58c-4d2aaf79a2cf )","og_url":"https:\/\/teadusjategu.ee\/index.php\/en\/about-us\/","og_site_name":"Teadus ja Tegu","article_modified_time":"2017-03-10T10:29:48+00:00","og_image":[{"url":"https:\/\/teadusjategu.ee\/wp-content\/uploads\/2017\/02\/Lembit-Lepasalu-300x225.jpg"}],"twitter_card":"summary_large_image","twitter_misc":{"Est. reading time":"1 minut"},"schema":{"@context":"https:\/\/schema.org","@graph":[{"@type":"WebPage","@id":"https:\/\/teadusjategu.ee\/index.php\/en\/about-us\/","url":"https:\/\/teadusjategu.ee\/index.php\/en\/about-us\/","name":"About Us - Teadus ja Tegu","isPartOf":{"@id":"https:\/\/teadusjategu.ee\/#website"},"datePublished":"2017-03-01T13:37:28+00:00","dateModified":"2017-03-10T10:29:48+00:00","breadcrumb":{"@id":"https:\/\/teadusjategu.ee\/index.php\/en\/about-us\/#breadcrumb"},"inLanguage":"et","potentialAction":[{"@type":"ReadAction","target":["https:\/\/teadusjategu.ee\/index.php\/en\/about-us\/"]}]},{"@type":"BreadcrumbList","@id":"https:\/\/teadusjategu.ee\/index.php\/en\/about-us\/#breadcrumb","itemListElement":[{"@type":"ListItem","position":1,"name":"Home","item":"https:\/\/teadusjategu.ee\/index.php\/et\/esileht\/"},{"@type":"ListItem","position":2,"name":"About Us"}]},{"@type":"WebSite","@id":"https:\/\/teadusjategu.ee\/#website","url":"https:\/\/teadusjategu.ee\/","name":"Teadus ja Tegu","description":"Teadus ja Tegu O\u00dc veebileht","publisher":{"@id":"https:\/\/teadusjategu.ee\/#organization"},"potentialAction":[{"@type":"SearchAction","target":{"@type":"EntryPoint","urlTemplate":"https:\/\/teadusjategu.ee\/?s={search_term_string}"},"query-input":"required name=search_term_string"}],"inLanguage":"et"},{"@type":"Organization","@id":"https:\/\/teadusjategu.ee\/#organization","name":"Teadus ja Tegu","url":"https:\/\/teadusjategu.ee\/","logo":{"@type":"ImageObject","inLanguage":"et","@id":"https:\/\/teadusjategu.ee\/#\/schema\/logo\/image\/","url":"https:\/\/teadusjategu.ee\/wp-content\/uploads\/2017\/01\/cropped-TT4.png","contentUrl":"https:\/\/teadusjategu.ee\/wp-content\/uploads\/2017\/01\/cropped-TT4.png","width":300,"height":60,"caption":"Teadus ja Tegu"},"image":{"@id":"https:\/\/teadusjategu.ee\/#\/schema\/logo\/image\/"}}]}},"_links":{"self":[{"href":"https:\/\/teadusjategu.ee\/index.php\/wp-json\/wp\/v2\/pages\/712","targetHints":{"allow":["GET"]}}],"collection":[{"href":"https:\/\/teadusjategu.ee\/index.php\/wp-json\/wp\/v2\/pages"}],"about":[{"href":"https:\/\/teadusjategu.ee\/index.php\/wp-json\/wp\/v2\/types\/page"}],"author":[{"embeddable":true,"href":"https:\/\/teadusjategu.ee\/index.php\/wp-json\/wp\/v2\/users\/1"}],"replies":[{"embeddable":true,"href":"https:\/\/teadusjategu.ee\/index.php\/wp-json\/wp\/v2\/comments?post=712"}],"version-history":[{"count":3,"href":"https:\/\/teadusjategu.ee\/index.php\/wp-json\/wp\/v2\/pages\/712\/revisions"}],"predecessor-version":[{"id":752,"href":"https:\/\/teadusjategu.ee\/index.php\/wp-json\/wp\/v2\/pages\/712\/revisions\/752"}],"wp:attachment":[{"href":"https:\/\/teadusjategu.ee\/index.php\/wp-json\/wp\/v2\/media?parent=712"}],"curies":[{"name":"wp","href":"https:\/\/api.w.org\/{rel}","templated":true}]}}