{"id":1171,"date":"2021-08-24T15:14:27","date_gmt":"2021-08-24T15:14:27","guid":{"rendered":"https:\/\/teadusjategu.ee\/?page_id=1171"},"modified":"2021-08-25T11:39:34","modified_gmt":"2021-08-25T11:39:34","slug":"eas-arendusosaku-projekt","status":"publish","type":"page","link":"https:\/\/teadusjategu.ee\/index.php\/et\/eas-arendusosaku-projekt\/","title":{"rendered":"EAS arendusosaku projekt"},"content":{"rendered":"<div id=\"pl-1171\"  class=\"panel-layout\" ><div id=\"pg-1171-0\"  class=\"panel-grid panel-no-style\" ><div id=\"pgc-1171-0-0\"  class=\"panel-grid-cell panel-grid-cell-empty\" ><\/div><div id=\"pgc-1171-0-1\"  class=\"panel-grid-cell panel-grid-cell-mobile-last\" ><div id=\"panel-1171-0-1-0\" class=\"so-panel widget widget_black-studio-tinymce widget_black_studio_tinymce panel-first-child\" data-index=\"0\" ><div class=\"textwidget\"><\/div><\/div><div id=\"panel-1171-0-1-1\" class=\"so-panel widget widget_black-studio-tinymce widget_black_studio_tinymce\" data-index=\"1\" ><div class=\"textwidget\"><p><img loading=\"lazy\" decoding=\"async\" class=\"alignnone size-large wp-image-1174\" src=\"https:\/\/teadusjategu.ee\/wp-content\/uploads\/2021\/08\/EAS_SF_RGB_EST-logod-1024x298.png\" alt=\"\" width=\"1024\" height=\"298\" srcset=\"https:\/\/teadusjategu.ee\/wp-content\/uploads\/2021\/08\/EAS_SF_RGB_EST-logod-1024x298.png 1024w, https:\/\/teadusjategu.ee\/wp-content\/uploads\/2021\/08\/EAS_SF_RGB_EST-logod-300x87.png 300w, https:\/\/teadusjategu.ee\/wp-content\/uploads\/2021\/08\/EAS_SF_RGB_EST-logod-768x224.png 768w, https:\/\/teadusjategu.ee\/wp-content\/uploads\/2021\/08\/EAS_SF_RGB_EST-logod-600x175.png 600w, https:\/\/teadusjategu.ee\/wp-content\/uploads\/2021\/08\/EAS_SF_RGB_EST-logod.png 1349w\" sizes=\"auto, (max-width: 1024px) 100vw, 1024px\" \/><\/p>\n<\/div><\/div><div id=\"panel-1171-0-1-2\" class=\"so-panel widget widget_black-studio-tinymce widget_black_studio_tinymce panel-last-child\" data-index=\"2\" ><div class=\"textwidget\"><ul>\n<li><strong>EAS arendusosaku projekt \u201dT\u00f5endusp\u00f5histe farmatseutiliste preparaatide arendamine kodumaisest ternespiimapulbrist\u201d<span class=\"\" style=\"display:block;clear:both;height: 0px;padding-top: 20px;border-top-width:0px;border-bottom-width:0px;\"><\/span><\/strong>Projekti number: EU60320\n<p>Projekti uus number: 2014-2020.4.04.20-1420<\/p>\n<p>Projekti eesm\u00e4rk on: luua alus uute ternespiimapulbri (TPP), loodusandide ning ravimtaimede baasil toodetavate toidulisandite juurutamisele Teadus ja Tegu O\u00dc-s<\/p>\n<p>Oodatav tulemus: on eelk\u00f5ige protot\u00fc\u00fcbid Teadus ja Tegu O\u00dc tooteportfelli t\u00e4iendamiseks uute ternespiimapulbri baasil valmistatavate toidulisanditega, mis on eelduseks farmaatsia valdkonda sisenemisel.<\/p>\n<p>Arendusosaku projekti toetatakse Euroopa Regionaalarengu Fondi vahenditest<\/p>\n<p>Toetuse summa: 13 125,00 \u20ac<\/p>\n<p>Projekti l\u00e4biviimise periood on 1.11.2020. kuni 30.04.2022. a. uurida algmaterjali (ternespiima) voolavuse parandamise v\u00f5imalusi (ternespiima pulbri eraldi granuleerimine v\u00f5i rasvasisalduse v\u00e4hendamine ternespiima pulbris).<\/li>\n<\/ul>\n<\/div><\/div><\/div><div id=\"pgc-1171-0-2\"  class=\"panel-grid-cell panel-grid-cell-empty\" ><\/div><\/div><\/div>","protected":false},"excerpt":{"rendered":"<p>EAS arendusosaku projekt \u201dT\u00f5endusp\u00f5histe farmatseutiliste preparaatide arendamine kodumaisest ternespiimapulbrist\u201dProjekti number: EU60320 Projekti uus number: 2014-2020.4.04.20-1420 Projekti eesm\u00e4rk on: luua alus uute ternespiimapulbri (TPP), loodusandide ning ravimtaimede baasil toodetavate toidulisandite juurutamisele Teadus ja Tegu O\u00dc-s Oodatav tulemus: on eelk\u00f5ige protot\u00fc\u00fcbid Teadus ja Tegu O\u00dc tooteportfelli t\u00e4iendamiseks uute ternespiimapulbri baasil valmistatavate toidulisanditega, mis on eelduseks farmaatsia valdkonda sisenemisel. Arendusosaku projekti toetatakse Euroopa Regionaalarengu Fondi vahenditest Toetuse summa: 13 125,00 \u20ac Projekti l\u00e4biviimise periood on 1.11.2020. kuni 30.04.2022. a. uurida algmaterjali (ternespiima) voolavuse parandamise v\u00f5imalusi (ternespiima pulbri eraldi granuleerimine v\u00f5i rasvasisalduse v\u00e4hendamine ternespiima pulbris).<\/p>\n","protected":false},"author":1,"featured_media":0,"parent":0,"menu_order":0,"comment_status":"closed","ping_status":"closed","template":"","meta":{"footnotes":""},"class_list":["post-1171","page","type-page","status-publish","hentry"],"yoast_head":"<!-- This site is optimized with the Yoast SEO plugin v21.2 - https:\/\/yoast.com\/wordpress\/plugins\/seo\/ -->\n<title>EAS arendusosaku projekt - Teadus ja Tegu<\/title>\n<meta name=\"robots\" content=\"index, follow, max-snippet:-1, max-image-preview:large, max-video-preview:-1\" \/>\n<link rel=\"canonical\" href=\"https:\/\/teadusjategu.ee\/index.php\/et\/eas-arendusosaku-projekt\/\" \/>\n<meta property=\"og:locale\" content=\"et_EE\" \/>\n<meta property=\"og:type\" content=\"article\" \/>\n<meta property=\"og:title\" content=\"EAS arendusosaku projekt - Teadus ja Tegu\" \/>\n<meta property=\"og:description\" content=\"EAS arendusosaku projekt \u201dT\u00f5endusp\u00f5histe farmatseutiliste preparaatide arendamine kodumaisest ternespiimapulbrist\u201dProjekti number: EU60320 Projekti uus number: 2014-2020.4.04.20-1420 Projekti eesm\u00e4rk on: luua alus uute ternespiimapulbri (TPP), loodusandide ning ravimtaimede baasil toodetavate toidulisandite juurutamisele Teadus ja Tegu O\u00dc-s Oodatav tulemus: on eelk\u00f5ige protot\u00fc\u00fcbid Teadus ja Tegu O\u00dc tooteportfelli t\u00e4iendamiseks uute ternespiimapulbri baasil valmistatavate toidulisanditega, mis on eelduseks farmaatsia valdkonda sisenemisel. Arendusosaku projekti toetatakse Euroopa Regionaalarengu Fondi vahenditest Toetuse summa: 13 125,00 \u20ac Projekti l\u00e4biviimise periood on 1.11.2020. kuni 30.04.2022. a. uurida algmaterjali (ternespiima) voolavuse parandamise v\u00f5imalusi (ternespiima pulbri eraldi granuleerimine v\u00f5i rasvasisalduse v\u00e4hendamine ternespiima pulbris).\" \/>\n<meta property=\"og:url\" content=\"https:\/\/teadusjategu.ee\/index.php\/et\/eas-arendusosaku-projekt\/\" \/>\n<meta property=\"og:site_name\" content=\"Teadus ja Tegu\" \/>\n<meta property=\"article:modified_time\" content=\"2021-08-25T11:39:34+00:00\" \/>\n<meta property=\"og:image\" content=\"https:\/\/teadusjategu.ee\/wp-content\/uploads\/2021\/08\/EAS_SF_RGB_EST-logod-1024x298.png\" \/>\n<meta name=\"twitter:card\" content=\"summary_large_image\" \/>\n<script type=\"application\/ld+json\" class=\"yoast-schema-graph\">{\"@context\":\"https:\/\/schema.org\",\"@graph\":[{\"@type\":\"WebPage\",\"@id\":\"https:\/\/teadusjategu.ee\/index.php\/et\/eas-arendusosaku-projekt\/\",\"url\":\"https:\/\/teadusjategu.ee\/index.php\/et\/eas-arendusosaku-projekt\/\",\"name\":\"EAS arendusosaku projekt - Teadus ja Tegu\",\"isPartOf\":{\"@id\":\"https:\/\/teadusjategu.ee\/#website\"},\"datePublished\":\"2021-08-24T15:14:27+00:00\",\"dateModified\":\"2021-08-25T11:39:34+00:00\",\"breadcrumb\":{\"@id\":\"https:\/\/teadusjategu.ee\/index.php\/et\/eas-arendusosaku-projekt\/#breadcrumb\"},\"inLanguage\":\"et\",\"potentialAction\":[{\"@type\":\"ReadAction\",\"target\":[\"https:\/\/teadusjategu.ee\/index.php\/et\/eas-arendusosaku-projekt\/\"]}]},{\"@type\":\"BreadcrumbList\",\"@id\":\"https:\/\/teadusjategu.ee\/index.php\/et\/eas-arendusosaku-projekt\/#breadcrumb\",\"itemListElement\":[{\"@type\":\"ListItem\",\"position\":1,\"name\":\"Home\",\"item\":\"https:\/\/teadusjategu.ee\/index.php\/et\/esileht\/\"},{\"@type\":\"ListItem\",\"position\":2,\"name\":\"EAS arendusosaku projekt\"}]},{\"@type\":\"WebSite\",\"@id\":\"https:\/\/teadusjategu.ee\/#website\",\"url\":\"https:\/\/teadusjategu.ee\/\",\"name\":\"Teadus ja Tegu\",\"description\":\"Teadus ja Tegu O\u00dc veebileht\",\"publisher\":{\"@id\":\"https:\/\/teadusjategu.ee\/#organization\"},\"potentialAction\":[{\"@type\":\"SearchAction\",\"target\":{\"@type\":\"EntryPoint\",\"urlTemplate\":\"https:\/\/teadusjategu.ee\/?s={search_term_string}\"},\"query-input\":\"required name=search_term_string\"}],\"inLanguage\":\"et\"},{\"@type\":\"Organization\",\"@id\":\"https:\/\/teadusjategu.ee\/#organization\",\"name\":\"Teadus ja Tegu\",\"url\":\"https:\/\/teadusjategu.ee\/\",\"logo\":{\"@type\":\"ImageObject\",\"inLanguage\":\"et\",\"@id\":\"https:\/\/teadusjategu.ee\/#\/schema\/logo\/image\/\",\"url\":\"https:\/\/teadusjategu.ee\/wp-content\/uploads\/2017\/01\/cropped-TT4.png\",\"contentUrl\":\"https:\/\/teadusjategu.ee\/wp-content\/uploads\/2017\/01\/cropped-TT4.png\",\"width\":300,\"height\":60,\"caption\":\"Teadus ja Tegu\"},\"image\":{\"@id\":\"https:\/\/teadusjategu.ee\/#\/schema\/logo\/image\/\"}}]}<\/script>\n<!-- \/ Yoast SEO plugin. -->","yoast_head_json":{"title":"EAS arendusosaku projekt - Teadus ja Tegu","robots":{"index":"index","follow":"follow","max-snippet":"max-snippet:-1","max-image-preview":"max-image-preview:large","max-video-preview":"max-video-preview:-1"},"canonical":"https:\/\/teadusjategu.ee\/index.php\/et\/eas-arendusosaku-projekt\/","og_locale":"et_EE","og_type":"article","og_title":"EAS arendusosaku projekt - Teadus ja Tegu","og_description":"EAS arendusosaku projekt \u201dT\u00f5endusp\u00f5histe farmatseutiliste preparaatide arendamine kodumaisest ternespiimapulbrist\u201dProjekti number: EU60320 Projekti uus number: 2014-2020.4.04.20-1420 Projekti eesm\u00e4rk on: luua alus uute ternespiimapulbri (TPP), loodusandide ning ravimtaimede baasil toodetavate toidulisandite juurutamisele Teadus ja Tegu O\u00dc-s Oodatav tulemus: on eelk\u00f5ige protot\u00fc\u00fcbid Teadus ja Tegu O\u00dc tooteportfelli t\u00e4iendamiseks uute ternespiimapulbri baasil valmistatavate toidulisanditega, mis on eelduseks farmaatsia valdkonda sisenemisel. Arendusosaku projekti toetatakse Euroopa Regionaalarengu Fondi vahenditest Toetuse summa: 13 125,00 \u20ac Projekti l\u00e4biviimise periood on 1.11.2020. kuni 30.04.2022. a. uurida algmaterjali (ternespiima) voolavuse parandamise v\u00f5imalusi (ternespiima pulbri eraldi granuleerimine v\u00f5i rasvasisalduse v\u00e4hendamine ternespiima pulbris).","og_url":"https:\/\/teadusjategu.ee\/index.php\/et\/eas-arendusosaku-projekt\/","og_site_name":"Teadus ja Tegu","article_modified_time":"2021-08-25T11:39:34+00:00","og_image":[{"url":"https:\/\/teadusjategu.ee\/wp-content\/uploads\/2021\/08\/EAS_SF_RGB_EST-logod-1024x298.png"}],"twitter_card":"summary_large_image","schema":{"@context":"https:\/\/schema.org","@graph":[{"@type":"WebPage","@id":"https:\/\/teadusjategu.ee\/index.php\/et\/eas-arendusosaku-projekt\/","url":"https:\/\/teadusjategu.ee\/index.php\/et\/eas-arendusosaku-projekt\/","name":"EAS arendusosaku projekt - Teadus ja Tegu","isPartOf":{"@id":"https:\/\/teadusjategu.ee\/#website"},"datePublished":"2021-08-24T15:14:27+00:00","dateModified":"2021-08-25T11:39:34+00:00","breadcrumb":{"@id":"https:\/\/teadusjategu.ee\/index.php\/et\/eas-arendusosaku-projekt\/#breadcrumb"},"inLanguage":"et","potentialAction":[{"@type":"ReadAction","target":["https:\/\/teadusjategu.ee\/index.php\/et\/eas-arendusosaku-projekt\/"]}]},{"@type":"BreadcrumbList","@id":"https:\/\/teadusjategu.ee\/index.php\/et\/eas-arendusosaku-projekt\/#breadcrumb","itemListElement":[{"@type":"ListItem","position":1,"name":"Home","item":"https:\/\/teadusjategu.ee\/index.php\/et\/esileht\/"},{"@type":"ListItem","position":2,"name":"EAS arendusosaku projekt"}]},{"@type":"WebSite","@id":"https:\/\/teadusjategu.ee\/#website","url":"https:\/\/teadusjategu.ee\/","name":"Teadus ja Tegu","description":"Teadus ja Tegu O\u00dc veebileht","publisher":{"@id":"https:\/\/teadusjategu.ee\/#organization"},"potentialAction":[{"@type":"SearchAction","target":{"@type":"EntryPoint","urlTemplate":"https:\/\/teadusjategu.ee\/?s={search_term_string}"},"query-input":"required name=search_term_string"}],"inLanguage":"et"},{"@type":"Organization","@id":"https:\/\/teadusjategu.ee\/#organization","name":"Teadus ja Tegu","url":"https:\/\/teadusjategu.ee\/","logo":{"@type":"ImageObject","inLanguage":"et","@id":"https:\/\/teadusjategu.ee\/#\/schema\/logo\/image\/","url":"https:\/\/teadusjategu.ee\/wp-content\/uploads\/2017\/01\/cropped-TT4.png","contentUrl":"https:\/\/teadusjategu.ee\/wp-content\/uploads\/2017\/01\/cropped-TT4.png","width":300,"height":60,"caption":"Teadus ja Tegu"},"image":{"@id":"https:\/\/teadusjategu.ee\/#\/schema\/logo\/image\/"}}]}},"_links":{"self":[{"href":"https:\/\/teadusjategu.ee\/index.php\/wp-json\/wp\/v2\/pages\/1171","targetHints":{"allow":["GET"]}}],"collection":[{"href":"https:\/\/teadusjategu.ee\/index.php\/wp-json\/wp\/v2\/pages"}],"about":[{"href":"https:\/\/teadusjategu.ee\/index.php\/wp-json\/wp\/v2\/types\/page"}],"author":[{"embeddable":true,"href":"https:\/\/teadusjategu.ee\/index.php\/wp-json\/wp\/v2\/users\/1"}],"replies":[{"embeddable":true,"href":"https:\/\/teadusjategu.ee\/index.php\/wp-json\/wp\/v2\/comments?post=1171"}],"version-history":[{"count":5,"href":"https:\/\/teadusjategu.ee\/index.php\/wp-json\/wp\/v2\/pages\/1171\/revisions"}],"predecessor-version":[{"id":1200,"href":"https:\/\/teadusjategu.ee\/index.php\/wp-json\/wp\/v2\/pages\/1171\/revisions\/1200"}],"wp:attachment":[{"href":"https:\/\/teadusjategu.ee\/index.php\/wp-json\/wp\/v2\/media?parent=1171"}],"curies":[{"name":"wp","href":"https:\/\/api.w.org\/{rel}","templated":true}]}}